multiple of 69?
False
Is 34 a factor of 5336?
False
Is 24 a factor of 120?
True
Is 80 a factor of 1887?
False
Does 24 divide 1104?
True
Is 7 a factor of 492?
False
Does 76 divide 9417?
False
Is 396 a multiple of 18?
True
Does 59 divide 9558?
True
Is 106 a multiple of 46?
False
Is 7 a factor of 21191?
False
Does 57 divide 14364?
True
Does 36 divide 2063?
False
Is 1046 a multiple of 13?
False
Does 19 divide 6593?
True
Does 26 divide 25895?
False
Is 58 a factor of 86423?
False
Is 11970 a multiple of 9?
True
Does 24 divide 880?
False
Is 10 a factor of 3120?
True
Does 55 divide 6050?
True
Does 77 divide 16786?
True
Does 19 divide 100?
False
Is 9 a factor of 4779?
True
Is 22 a factor of 440?
True
Is 2 a factor of 1109?
False
Is 477 a multiple of 7?
False
Is 10176 a multiple of 32?
True
Does 26 divide 2036?
False
Is 17 a factor of 13414?
False
Is 73638 a multiple of 18?
True
Is 41 a factor of 62226?
False
Is 1458 a multiple of 12?
False
Does 22 divide 8659?
False
Does 300 divide 13497?
False
Does 26 divide 1379?
False
Is 1655 a multiple of 78?
False
Is 620 a multiple of 20?
True
Is 685 a multiple of 5?
True
Does 53 divide 2648?
False
Is 1956 a multiple of 9?
False
Is 101 a factor of 1818?
True
Is 7074 a multiple of 27?
True
Is 26 a factor of 962?
True
Is 74 a factor of 53512?
False
Does 18 divide 1261?
False
Is 346 a multiple of 17?
False
Is 53921 a multiple of 117?
False
Is 61 a factor of 4636?
True
Is 20940 a multiple of 60?
True
Is 1626 even?
True
Is 44 a factor of 3475?
False
Is 37 a factor of 13308?
False
Is 364 a multiple of 28?
True
Does 49 divide 9947?
True
Is 3445 a multiple of 6?
False
Does 52 divide 13505?
False
Does 23 divide 874?
True
Is 34 a factor of 306?
True
Does 43 divide 149843?
False
Is 12 a factor of 9115?
False
Is 40 a factor of 10040?
True
Is 14 a factor of 8582?
True
Is 760 a multiple of 20?
True
Does 149 divide 12665?
True
Is 9 a factor of 2277?
True
Does 54 divide 88?
False
Does 28 divide 588?
True
Does 4 divide 870?
False
Does 7 divide 1610?
True
Is 11710 a multiple of 19?
False
Is 101 a factor of 6073?
False
Does 8 divide 72?
True
Does 6 divide 170?
False
Is 3 a factor of 894?
True
Is 32897 a multiple of 7?
False
Is 9520 a multiple of 99?
False
Is 67 a factor of 1002?
False
Is 4 a factor of 22?
False
Does 5 divide 2201?
False
Does 81 divide 2774?
False
Is 10 a factor of 14134?
False
Is 3025 a multiple of 25?
True
Is 256 a multiple of 16?
True
Is 16 a factor of 1168?
True
Is 14 a factor of 1571?
False
Does 56 divide 2184?
True
Is 234 a factor of 76258?
False
Is 12 a multiple of 2?
True
Is 26475 a multiple of 78?
False
Is 5152 a multiple of 14?
True
Does 10 divide 296?
False
Does 148 divide 21335?
False
Is 10 a factor of 3350?
True
Does 39 divide 594?
False
Is 32 a factor of 1090?
False
Does 14 divide 1512?
True
Is 27 a factor of 11276?
False
Is 2493 a multiple of 277?
True
Does 61 divide 142587?
False
Is 28 a factor of 10368?
False
Is 1641 a multiple of 23?
False
Is 12556 a multiple of 136?
False
Is 2982 a multiple of 42?
True
Does 17 divide 80788?
False
Does 58 divide 104806?
True
Does 18 divide 1037?
False
Is 89 a factor of 3649?
True
Is 17 a factor of 1385?
False
Does 40 divide 9708?
False
Is 1342 a multiple of 22?
True
Is 40 a factor of 1120?
True
Is 46 a factor of 717?
False
Is 144 a multiple of 3?
True
Is 17 a factor of 28194?
False
Is 9 a factor of 12105?
True
Is 26 a factor of 82597?
False
Is 612 a multiple of 36?
True
Is 30 a factor of 330?
True
Is 551 a multiple of 29?
True
Is 230 a multiple of 46?
True
Does 8 divide 3769?
False
Is 36071 a multiple of 21?
False
Does 13 divide 56503?
False
Does 22 divide 632?
False
Is 13616 a multiple of 23?
True
Is 11 a factor of 2222?
True
Is 13 a factor of 2665?
True
Is 64 a factor of 2219?
False
Is 245 a multiple of 49?
True
Is 105485 a multiple of 22?
False
Is 2793 a multiple of 13?
False
Is 20 a factor of 240?
True
Does 34 divide 26288?
False
Is 3 a factor of 1479?
True
Is 2340 a multiple of 12?
True
Does 10 divide 1795?
False
Is 6 a factor of 498?
True
Is 12 a factor of 588?
True
Is 11446 a multiple of 11?
False
Is 6324 a multiple of 12?
True
Does 3 divide 3645?
True
Is 141 a factor of 40890?
True
Is 42 a factor of 116?
False
Is 28159 a multiple of 40?
False
Is 253 a multiple of 4?
False
Does 34 divide 646?
True
Is 270 a factor of 18974?
False
Does 9 divide 56205?
True
Is 13433 a multiple of 49?
False
Is 4440 a multiple of 11?
False
Does 3 divide 722?
False
Is 8 a factor of 1828?
False
Is 38 a multiple of 14?
False
Does 69 divide 657?
False
Is 96 a factor of 26496?
True
Is 879 a multiple of 7?
False
Does 2 divide 714?
True
Does 14 divide 12208?
True
Does 23 divide 1127?
True
Does 11 divide 1611?
False
Is 1634 a multiple of 63?
False
Is 26 a factor of 840?
False
Is 25 a factor of 239?
False
Is 917 a multiple of 26?
False
Does 96 divide 9346?
False
Does 3 divide 666?
True
Is 59 a factor of 6101?
False
Is 91 a factor of 12118?
False
Is 1134 a multiple of 14?
True
Is 94 a factor of 16849?
False
Does 63 divide 1512?
True
Does 24 divide 1284?
False
Is 13 a factor of 7631?
True
Is 21635 a multiple of 18?
False
Is 156 a factor of 78420?
False
Is 1848 a multiple of 12?
True
Does 10 divide 2251?
False
Is 585 a multiple of 65?
True
Is 4 a factor of 306?
False
Is 6 a factor of 647?
False
Is 30 a multiple of 6?
True
Is 10 a factor of 212?
False
Is 1319 a multiple of 46?
False
Does 70 divide 4060?
True
Does 46 divide 598?
True
Does 12 divide 4308?
True
Does 27 divide 999?
True
Does 6 divide 25716?
True
Is 17 a factor of 4879?
True
Is 96 a multiple of 3?
True
Is 38 a multiple of 11?
False
Is 49 a factor of 6064?
False
Is 154 a multiple of 14?
True
Is 8754 a multiple of 60?
False
Is 754 a multiple of 26?
True
Does 6 divide 113?
False
Is 9 a factor of 5628?
False
Is 21 a factor of 141498?
True
Is 550 a multiple of 44?
False
Does 175 divide 10474?
False
Is 30310 a multiple of 10?
True
Does 11 divide 59?
False
Does 7 divide 742?
True
Is 16 a factor of 920?
False
Does 407 divide 65120?
True
Is 20640 a multiple of 12?
True
Does 3 divide 533?
False
Is 71 a factor of 1110?
False
Is 2130 a multiple of 142?
True
Is 215 a multiple of 14?
False
Does 17 divide 1200?
False
Is 14 a factor of 50428?
True
Does 104 divide 11648?
True
Does 73 divide 89162?
False
Is 79 a factor of 57512?
True
Does 38 divide 760?
True
Is 6599 a multiple of 41?
False
Does 31 divide 3808?
False
Is 7 a factor of 1640?
False
Does 144 divide 13104?
True
Is 680 a multiple of 5?
True
Is 22 a factor of 2596?
True
Does 207 divide 45699?
False
Is 25 a factor of 2275?
True
Is 1153 a multiple of 7?
False
Is 1296 a multiple of 48?
True
Does 9 divide 864?
True
Does 11 divide 1331?
True
Is 276 a multiple of 7?
False
Is 22920 a multiple of 16?
False
Does 16 divide 10304?
True
Is 11 a factor of 1199?
True
Is 42 a multiple of 9?
False
Is 114 a multiple of 57?
True
Is 121 a factor of 2904?
True
Is 8 a factor of 152?
True
Is 12 a factor of 819?
False
Is 3922 a multiple of 3?
False
Is 16 a factor of 98?
False
Is 6997 a multiple of 12?
False
Is 720 a multiple of 12?
True
Does 42 divide 684?
False
Does 8 divide 56?
True
Is 1410 a multiple of 5?
True
Is 28 a factor of 106?
False
Is 45 a factor of 45?
True
Is 51 a factor of 1428?
True
Does 10 divide 22206?
False
Does 3 divide 4815?
True
Is 5 a factor of 130?
True
Is 9167 a multiple of 24?
False
Is 1614 a multiple of 10?
False
Is 12913 a multiple of 101?
False
Does 9 divide 2860?
False
Is 8 a factor of 440?
True
Does 8 divide 242?
False
Is 895 a multiple of 98?
False
Is 77 a factor of 7700?
True
Does 6 divide 439?
False
Is 752 a multiple of 16?
True
Is 12780 a multiple of 180?
True
Is 42 a factor of 3444?
True
Is 2 a factor of 9110?
True
Is 3304 a multiple of 11?
False
Is 300 a multiple of 20?
True
Does 34 divide 3128?
True
Is 37 a factor of 962?
True
Does 7 divide 6804?
True
Is 5919 a multiple of 3?
True
Does 19 divide 323?
True
Is 33 a factor of 2073?
False
Does 16 divide 32?
True
Is 13 a factor of 1872?
True
Is 17 a factor of 6203?
False
Is 45 a factor of 1534?
False
Does 29 divide 58?
True
Is 26 a factor of 3791?
False
Is 168 a factor of 36624?
True
Is 7227 a multiple of 219?
True
Does 9 divide 6190?
False
Does 102 divide 3338?
False
Is 6500 a multiple of 26?
True
Is 1376 a multiple of 43?
Tru